**2 + 8*j + 22. Let w(v) = -6*m(v) - u(v). Calculate w(5).
90
Suppose f = 3, -33*j - 3 = -31*j - f. Suppose j = -3*h + 4*b + 24, -h + 6*b + 7 = 5*b. Let d(v) = -2*v**2 + 3*v + 7. Calculate d(h).
-13
Let a(m) = -15*m**3 + 14*m**2 + 45*m - 29. Let o(b) = 2*b**3 - 4*b. Let s(p) = a(p) + 7*o(p). Determine s(15).
1
Suppose -5*q - 23 = -33. Let a(o) = -7*o + 26*o + 4*o**q + 6 - 9*o - 3*o**2. Let u = -11 - -6. Determine a(u).
-19
Let p(w) be the third derivative of w**4/8 + 2*w**3 - w**2. Suppose 735 - 375 = -68*y + 23*y. What is p(y)?
-12
Let o(j) = -7*j**2 - 40*j + 24. Let m(u) = -2*u**2 - 13*u + 8. Let b(c) = 13*m(c) - 4*o(c). Calculate b(4).
4
Let t(x) = 3*x**2 - 3*x + 3. Suppose -4*z + 34 = 5*r, 15*z - 18*z = -3. Suppose 75*p - 77*p = -r. What is t(p)?
21
Let s(t) = -t**3 + 4*t**2 - 2*t + 1. Suppose -115 = 5*f - 90. Let q(v) = 30*v + 154. Let o be q(f). Give s(o).
-7
Let k = -14897 - -14902. Let f(b) = -b**2 - 7*b + 10. What is f(k)?
-50
Let j(i) = 8*i + 12. Let m(s) = 2*s - 7. Let l(p) = j(p) - 5*m(p). Give l(15).
17
Let s = -93 - -97. Suppose -13*w = -l - 11*w - 8, 2*l + s*w = 0. Let a(b) = b**3 + 5*b**2 - 7. Give a(l).
9
Let m(l) be the third derivative of -l**6/120 - l**5/30 - l**4/12 + l**3/6 - 9496*l**2. Let o = 7 + -3. Let y be o/(-3 - -1) + 0. Give m(y).
5
Suppose 29*j - 24*j - 261075 = 0. Let w(f) = 52216*f**2 - j*f**2 + f + 0*f - 13 + 2*f. Determine w(-6).
5
Let o(a) = -166 + 82 + 82 + a**2. Determine o(-2).
2
Let z(u) = 7*u + 26. Suppose 61*q - 5*q = -224. What is z(q)?
-2
Suppose -o - 2 + 7 = 0. Suppose -2*d = -f + 5*f + 14, 4*f + o = d. Let z(g) be the third derivative of -5*g**4/24 + g**3/3 + 609*g**2. Give z(f).
12
Suppose 5*z - 9 + 34 = 0. Let w be (-3)/z + 14/35. Let j(p) = 23 - 6 - 11 - 7 + 3*p. What is j(w)?
2
Let c(b) = 34*b**2 + 227*b - 106. Let r(a) = -20*a**2 - 136*a + 64. Let t(x) = -7*c(x) - 12*r(x). Calculate t(-22).
-4
Let x(d) = -d**3 - 16*d**2 + 31*d - 41. Suppose 123*i - 12*i = 4*i - 1926. Determine x(i).
49
Let w be (-6)/(-10)*((-125)/(-15) + -5). Let x(a) = -1 + 1220*a**w + a - 636*a**2 - 614*a**2. Give x(1).
-30
Let u(n) = -42*n - 961. Let p(q) = 675*q + 15381. Let c(v) = -4*p(v) - 63*u(v). Calculate c(-18).
-9
Let i(o) be the second derivative of o**5/20 + 17*o**4/6 - o**3/3 - 77*o**2/2 + 3*o + 3. Let t be i(-34). Let y(q) = 2*q + 11. Determine y(t).
-7
Let c(i) = 7*i**3 + 3*i**2 - 2*i + 7. Let n(l) = 2*l**3 + 2*l**2 - l + 3. Let o(j) = c(j) - 4*n(j). Calculate o(-6).
19
Let l(m) = 53*m**2 - 2*m + 2. Let s be l(3). Suppose -y + s = 94. Let a(g) = -y*g + 3 + 375*g + 0. Calculate a(3).
-9
Let c(q) = -q + 9. Suppose -1471*h + 1458*h + 208 = 0. Determine c(h).
-7
Let o(r) be the third derivative of 7*r**4/12 + 5*r**3/6 - 216*r**2. Let k(n) = n + 1. Let q(s) = -6*k(s) + o(s). Let i(j) = j - 7. Let l be i(6). What is q(l)?
-9
Let d(w) = 9*w**3 - 37*w**2 + 55*w + 46. Let f(h) = 5*h**3 - 27*h**2 + 28*h + 23. Let o(z) = -3*d(z) + 5*f(z). What is o(-11)?
10
Let v(s) = -s**3 + 1. Let k(u) = -6*u**3 - 7*u**2 - 4*u + 12. Let p(b) = k(b) - 5*v(b). Suppose -19 = 18*f + 89. Give p(f).
-5
Let g(l) be the third derivative of l**5/60 - 5*l**4/6 - l**3/3 - l**2. Suppose j - 23 = -3*x, 19*x - 21*x - 98 = -5*j. What is g(j)?
-2
Let g(j) be the first derivative of 4*j**3 - 5*j**2 + 28 - 4*j - 1/4*j**4. Determine g(11).
7
Let s(y) = y**3 - 6 - 2 - 30*y**2 + 25*y**2 - y. Let b be s(5). Let h(l) = -l**2 - 15*l - 28. Let d be h(b). Let t(g) = 2*g. What is t(d)?
-4
Let j(i) = i**3 + 12*i**2 + 17*i - 23. Let v be j(-10). Let d(p) be the second derivative of -9/2*p**2 + 7/12*p**4 - 1/20*p**5 + 0 + 2*p + 0*p**3. What is d(v)?
-9
Let d(f) = f**3 - 5*f**2 - 7*f + 8. Let s be (-6)/8 + (-3078)/(-456). Calculate d(s).
2
Let p(h) = h**2 - h - 1. Let z(a) = 2*a**2 - 10*a - 3. Let l(o) = -3*p(o) + z(o). Let m = -54033 + 54026. What is l(m)?
0
Let t(m) be the third derivative of -m**4/12 - 13*m**3 + 185*m**2 + m. What is t(0)?
-78
Let t(w) = -w**3 - 10*w**2 - 15*w - 16. Let n be 5*(-6 + 5) + (9 + -17 - -4). What is t(n)?
38
Let k(i) = -4*i**3 + i**2 + i. Let z be k(-1). Let r(q) be the first derivative of -q**3/3 + 3*q**2 - 4*q + 81572. Calculate r(z).
4
Let k be (7 - 17/2)*(-104)/3. Suppose 11*g - 14*g + n - 47 = 0, 4*n = 4*g + k. Let b(c) = -c**2 - 15*c + 29. What is b(g)?
-5
Let x(q) = -4*q**2 - 2*q - 8. Let j(r) = -47*r + 893. Let g be j(19). Give x(g).
-8
Let x(j) = 4*j**2 + 118*j + 600. Let k be x(-23). Let l(b) be the first derivative of -3/4*b**4 - 23 - b - 1/2*b**k - 1/3*b**3. What is l(-1)?
2
Let x(g) = 185*g**2 + 65 - 187*g**2 - 18 + 7*g - 26*g - 27*g. Calculate x(1).
-1
Let w(u) = u**3 - 53*u**2 + 540*u + 98. Let l be w(14). Let f(b) = 2*b**2 - 17*b - 148. Give f(l).
6
Let o = 13 + -21. Let k(n) be the first derivative of n**4/4 + 8*n**3/3 + n + 238. Determine k(o).
1
Let m be (-224)/80*50/(-35). Let j(n) = n**3 - 2*n + 9. Determine j(m).
65
Let z = 167 + 61. Let g(u) = z*u - 1 + u**2 + 224*u - 449*u - 1. Calculate g(-3).
-2
Let p = -4391/6 + 732. Let g(i) be the second derivative of 0 + 14*i - i**2 + p*i**3. Give g(2).
0
Let b be ((-2 - -8) + -4)*-1. Let g(z) = -2*z**3 + 11*z**2 + 8*z + 3. Let q(f) = -3*f**3 + 13*f**2 + 10*f + 3. Let y(o) = 4*g(o) - 3*q(o). What is y(b)?
11
Let f(s) = -2*s**2 - 18*s + 3. Let w be f(-9). Suppose 2*l = 5*o + 24, -w*o = -5*l + o + 26. Let r(h) = -h**3 - 18 + 17 + 2 - l*h**2. What is r(-1)?
0
Let o(d) = -1686*d - 2*d**3 + 9 - 1692*d + 3*d**3 - 11*d**2 + 3369*d. What is o(12)?
45
Let f(v) = 3*v**2 - 29*v - 6. Let p be f(10). Let y be (2 - 3) + p + 1. Let g be (76/(-12) + 5)/(y/(-18)). Let r(n) = -n**3 + 5*n**2 + 3*n + 7. Calculate r(g).
-11
Let v(o) = 2353*o + 11776. Let p be v(-5). Let s(j) = 14*j - 173. Give s(p).
-19
Let t = -5034 - -5031. Let f(g) = 42*g + 7. What is f(t)?
-119
Let b(m) be the first derivative of m + 211 - 1/3*m**3 + 5/2*m**2. Determine b(5).
1
Let v(d) = -3*d**2 + 2*d + 2*d**2 + 11 - 14 + 0*d**2. Let k(o) = -o**2 + 20*o + 29. Let h be k(21). Suppose h = 4*l + 3*z + 2*z, -5*z = 0. Calculate v(l).
-3
Let j(s) = 12*s - 4. Suppose 18*m = -7*m - 75. Give j(m).
-40
Let s(n) = 5*n**2 - 3*n + 10. Let j(w) = 7*w**2 - 2*w + 12. Let t = 812 + -815. Let o(a) = t*j(a) + 4*s(a). Determine o(-7).
-3
Let h(v) = 329436 - 5*v - 658876 + 329434. Give h(-6).
24
Suppose 0 = -3*x - 5*p + 9*p + 18, -2*x - 4*p + 12 = 0. Let a(d) = x*d**2 + 69 - 137 - d + d**3 + 8*d + 74. Suppose -2*t + t - 5 = 0. Give a(t).
-4
Suppose 3 = -2*w - 15. Let h be (w/(-18))/((-2)/(-12)). Let q(a) = -2*a - 25*a**h + 5*a**2 + 15*a**3 + 9*a**3. Determine q(4).
8
Let o(p) = p**2 - 7*p - 10. Let b = -68 - -69. Let m(q) = 2*q**2 - 2. Let f be m(b). Let z = 9 + f. Give o(z).
8
Let t = 9844 - 29531/3. Let d(c) be the second derivative of 1/2*c**2 + 7/12*c**4 + 0 - 36*c + 1/20*c**5 - t*c**3. Determine d(-7).
15
Let i(q) = -14*q**2 + q + 2. Suppose 65*k + 560 - 495 = 0. What is i(k)?
-13
Let k(n) = n + 18. Let t be -1 + 70/(-10) + -3. Give k(t).
7
Let x(p) = 6*p**2 + 5*p - 2. Let w(s) = -7*s**2 - 6*s + 2. Let m(t) = -3*w(t) - 4*x(t). Suppose -7 = -h - 5*n + 16, -h + 5*n = 27. Determine m(h).
-6
Let k(i) = -i**2 + 2*i + 12. Let v = 4289 + -4292. What is k(v)?
-3
Let j be 1 - (3 + -1 - 3). Let g(y) = -3*y + 55*y**2 - y - 51*y**2 - 1 + j*y. Determine g(-1).
5
Let k(z) = 17*z**2 + 50*z + 6. Let v(i) = -34*i**2 + 6*i - 3. Let r be v(0). Give k(r).
9
Let y(j) be the second derivative of j**4/12 + j**3/2 + j**2/2 + 10483*j. Suppose 4*d + 6 = -m - 6, -4*m - 24 = 4*d. What is y(d)?
-1
Let w(o) = -26*o + 139. Let q be 6/30 - 725/(-125). What is w(q)?
-17
Let j = 698 - 918. Let v = 217 + j. Let a(q) = q**2 + 4*q + 7. Determine a(v).
4
Suppose 0 = 3*h + 5*u - 56, -4*u = 5*h - 7*u - 150. Let r(o) = o + h - 5 - 13. Calculate r(-5).
4
Suppose -4*t + 5*t + 4*n = -8, -3*t - 5*n + 11 = 0. Suppose 0 = t*r + 25 - 157. Suppose -4 - r = 5*v. Let y(f) = f**2 + f - 4. Determine y(v).
2
Let d(t) be the second derivative of 17*t**3/6 - 53*t**2 + t + 889. Give d(6).
-4
Let g(x) be the first derivative of -x**4/4 - 4*x**3/3 - 3*x**2 - x - 2911. Calculate g(-2).
3
Let t = -493 + 12. Let n = -466 - t. Let j(l) = -l**2 + 16*l - 19. Calculate j(n).
-4
Let y(o) be the third derivative of 5*o**4/12 - o**3/6 - 197*o**2 + 2. Suppose 0 = b - 3 + 4. Calculate y(b).
-11
Let r =